. Suppose -5*s - 2*c + 34 = 0, 0 = -5*s - 4*c + 33 + 15. Calculate j(s).
8
Let d(c) = -25*c - 223. Let b be d(-9). Suppose 0 = 5*z + 5*w + 35, -b*w + 27 = -4*z - 1. Let m(s) = s**3 + 7*s**2 - s + 7. Determine m(z).
14
Let i(x) = x - 10. Let t be (10/(-5))/((-1)/2). Let h(r) = -r + 11. Let c(f) = t*i(f) + 3*h(f). Suppose 2*n - 10 = 4. Determine c(n).
0
Let v(p) = p**3 + 26*p**2 + 27*p + 13. Suppose 61*r + 54*r = -38*r - 3825. Give v(r).
-37
Let d(z) = 6985*z - 6966*z - 118 + 35. Determine d(4).
-7
Suppose n + 3*d + 64 = 0, -n + 0*d + d = 48. Let a = -33 - n. Suppose 6*k = a + 17. Let p(m) = -m + 6. Give p(k).
0
Let w(p) be the second derivative of -p**4/12 - p**3/6 + 3*p. Let t = -329 - -328. Let u be -2*(t - -3) - 28/(-4). What is w(u)?
-12
Suppose 943 = 81*j - 1244. Let k(p) = -p**2 + 29*p - 58. Calculate k(j).
-4
Suppose -11 = -9*g - 2. Let f(m) = m**3 - 102*m - 15*m**2 + g + 4 + 13*m**2 + 102*m. Determine f(4).
37
Suppose 21*h - 23*h - 2*g = -54, -5*g - 15 = -h. Let b(f) = 28 - 3*f + 24 + 22 + h - 102. What is b(4)?
-15
Let a be (-10)/4*108/(-90). Suppose 4*h - 2*w = 16, -a*h + 12 = 6*w - 3*w. Let s(j) = 5*j - 7. What is s(h)?
13
Suppose d + 21 = -t, 119*d - 118*d = 4. Let m(v) = v**2 + 30*v + 131. Give m(t).
6
Let c(w) = -5*w**2 - 560*w - 5 + 1204*w - 639*w. Give c(2).
-15
Let o(n) be the first derivative of -n**4/4 - 8*n**3/3 + 7*n**2/2 - 4*n - 197. Determine o(-8).
-60
Let v(s) = -8*s**2 + 5*s + 3. Let c(z) = z**3 + z + 1. Let m(t) = 16*t - 95. Let l be m(6). Let w(p) = l*c(p) + v(p). Calculate w(7).
-3
Let i be -3 - 14 - (1*-6)/2. Let p = i - -14. Suppose p*j - 2 = 2*j. Let g(h) = -7*h**2 - h - 1. Determine g(j).
-7
Let q be (-6)/63*3 - 568/(-28). Suppose -2 = -q*b + 19*b. Let n(f) = 13*f**2 - 41*f**2 + 19*f**b - 1. Calculate n(-1).
-10
Let j(i) = -25 + 207*i + 208*i + 4*i**2 - 654*i + 202*i. Determine j(10).
5
Let p(c) = 2*c + 27. Suppose 4*d = -24, h - 3*d + 21 = -2*h. Calculate p(h).
1
Let g(i) = 22*i + 256. Let v(s) = 132*s + 1606. Let l(t) = -13*g(t) + 2*v(t). Calculate l(-6).
16
Let v(o) = -o**3 - 5*o**2 + 5*o - 4. Let u be 0 - 3/((-6)/4). Suppose 2*a - 1 = -3*h, -3*h - 4*a + 5 = u*h. Let p = -3 + h. Calculate v(p).
2
Let o(l) = l**2 - 5*l + 1. Suppose 0 = 55*u - 48*u - 42. Give o(u).
7
Let d be 21*((-4)/(-3))/4. Suppose 0 = -4*u + t - 9 - 0, -3*u = 2*t - d. Let c(v) = 2245*v + 2241*v - 4487*v. Give c(u).
1
Let u(d) = -d**2 + 338*d - 24969. Let k be u(109). Let y = 18 - 12. Let t(z) = -y + 2 + 0*z - z. Give t(k).
4
Let w(f) = -10*f**2 - f - 1. Suppose -3*t + j = 11, 4*t + 5*j + 31 = -9. Let h(b) = -3*b**2. Let z(q) = t*h(q) - w(q). Calculate z(-1).
25
Let j(z) = -8 + 11 - 6 + 0*z - 6*z - 3*z**2. Let a(y) = -4*y**2 - 7*y - 2. Let m(o) = 4*a(o) - 5*j(o). Calculate m(5).
-8
Let g(x) = -2*x**3 - 2*x**2 - 2*x - 3. Let l = -29 - -31. Let p be 4 + (1/3)/(1/(-6)). Let m be p/(1 - (4 - l)). Calculate g(m).
9
Let t(h) = 4*h - 29 - 34 - h**2 + 136 - 38 - 31. Calculate t(-2).
-8
Let r(t) = t**2 + 0 + 9 + 8*t + 0*t - 2*t**2. Let f = -1855 + 1864. What is r(f)?
0
Let a(p) = -p**2 + 9*p + 7. Let l(b) = -36*b - 61. Let m be l(-4). Suppose -22*z = -115 - m. Calculate a(z).
7
Let b(u) = u**2 - u. Let v(y) = y**2 + y - 44. Let m(g) = 2*b(g) - v(g). Let j(z) be the first derivative of m(z). Give j(5).
7
Let y = -75 - -75. Suppose -34*r + 31*r + 3 = y. Let o(z) = -1 + 2*z - 3*z - 3*z - 2*z. What is o(r)?
-7
Let h(k) be the first derivative of -k**4/4 - 14*k**3/3 + 6*k**2 - 6*k + 69. Give h(-15).
39
Let w(v) = -9*v - 2 + 26*v + 1. Let k be (16 - 18)*-5 - (5 + 3). Determine w(k).
33
Let k(n) = -n. Let m(g) = 7*g - 7. Let j = 24 - 28. Let o(a) = j*k(a) - m(a). Suppose 0 = -15*f - 69 - 6. Calculate o(f).
22
Let v = 156 + -152. Let t(x) = 0*x + 12 + v*x + 5*x - 8*x. Give t(-9).
3
Let f(n) = 4 + 4*n**2 - 4 + 1. Let q = 86 + -79. Suppose r + q*r + 8 = 0. Calculate f(r).
5
Let o(z) = z**3 - 5*z**2 - 4*z + 6. Let c(q) = -2*q**3 + 9*q**2 - 5*q + 7. Let g be c(4). Suppose -s = -2*b + 11, g = 5*s + 8. Determine o(b).
-14
Let f = 92 - 62. Let j(t) = -t**2 + 7*t - 1. Let l be j(7). Let y be f/8 - l/4. Let r(v) = -v**2 + 3*v + 2. Calculate r(y).
-2
Suppose 0 = -2*s - 9 - 1. Let y(o) be the first derivative of o**4/4 + o**3 - 5*o**2/2 + 2*o - 360. Determine y(s).
-23
Let x(t) be the third derivative of -17*t**4/24 - t**3/6 - 4*t**2. Suppose 5*a + 14 + 3 = -y, -7 = a + 2*y. Let l be -3*a/27*3. Determine x(l).
-18
Let w(j) = j**3 + 46 + 12*j**2 - 51001*j + 51002*j - 5*j**2 - 19. What is w(-5)?
72
Let w(i) = -2*i**2 + 15*i + 31. Let y = -6902 - -6900. What is w(y)?
-7
Let o(a) = -4*a - 3. Let m(w) = -9*w - 7. Suppose 0 = -3*h + 200 - 209. Let x(s) = h*m(s) + 7*o(s). Let g(f) = f**2 + 3*f - 5. Let n be g(-5). Give x(n).
-5
Let z(w) be the third derivative of -w**4/8 + 19*w**3/6 - w**2 + 141. Determine z(8).
-5
Let h(q) = -q**2 + 3*q - 2. Suppose -4*k + 152 = -8*k. Suppose 22*s + 82 = 24*s. Let z = s + k. What is h(z)?
-2
Let r(x) = x**3 - 5*x**2 - 8*x + 8. Let y be r(6). Let n(v) = 10*v - 17*v + 4*v + 7 + 6*v. Determine n(y).
-5
Let p(o) = -6*o + 39. Let i = -96 + 96. Let r be p(i). Suppose 0 = 2*k + r - 27. Let b(j) = j**2 + 8*j + 5. Determine b(k).
-7
Let u(j) be the first derivative of -j**2/2 + j + 8. Let a(g) = g - 3. Let y be a(0). Let f be -1*y/6*0. Calculate u(f).
1
Let m be 2*3/(-3)*-4. Suppose 7*g - m = 3*g. Let h(c) = -c - 2*c + 3 + g*c. What is h(6)?
-3
Let q(o) = o**3 - 11*o**2 + 5*o + 21. Suppose -4*g - 5*b = -35, -g - 120*b = -123*b - 13. What is q(g)?
-29
Suppose -b + 38 = 11. Let j = b - 23. Suppose -j*u = f + 28, u - 41 = 2*f + 6*u. Let o(y) = y + 12. What is o(f)?
4
Let h(z) = z**3 + 5*z**2 - z + 11. Let d be (-152)/26 - (-340)/(-2210). Calculate h(d).
-19
Let r be -3 - (-2 - (-3 - 3 - -10)). Suppose -3*s = -2*c - 20, 0 = c + 4 - r. Let x(m) = -2*m. Give x(s).
-12
Let u(o) be the third derivative of 0 + 1/12*o**4 + 0*o - 2/15*o**5 - 1/6*o**3 + 13*o**2. Suppose t = -a - 2, -9*a + 11 = -4*t - 14*a. Determine u(t).
-7
Let b = 195 - 183. Let n(m) = -m**3 + 13*m**2 - 10*m - 30. Let l be n(b). Let y(k) = -k**2 - 5*k + 5. Calculate y(l).
-1
Let h(w) = -w - 1. Suppose 3*p - 155 - 52 = 0. Suppose -4*r + 5*r + 5*f - 79 = 0, -4*f = -12. Let u = p - r. Calculate h(u).
-6
Let o(g) be the second derivative of g**5/20 - 5*g**4/12 + 3*g**3/2 - 11*g**2/2 + 527*g + 4. Calculate o(6).
79
Let x(z) = -z**2 - 30*z - 181. Let k be x(-9). Let f(h) = -62*h + 495. Calculate f(k).
-1
Suppose c = 4*t - 26, -38*c + 43*c = t - 16. Let k(q) = -q**2 - q + 31. Determine k(t).
-11
Let q(y) = y**2 - 13*y + 20. Suppose -1431*b + 1420*b + 110 = 0. Determine q(b).
-10
Let s(w) be the third derivative of w**5/20 - w**4/24 + 2*w**3/3 + 4*w**2 + 68*w. Let z be (10/(-25) + 1)*(-2 - -7). Give s(z).
28
Let v(r) be the second derivative of -1/60*r**5 - r**3 - 10*r**2 + 0 + 8*r + 1/8*r**4. Let u(x) be the first derivative of v(x). What is u(5)?
-16
Let r = 7 + 5. Suppose r*z - 5*z - 56 = 0. Let q(j) = -j**2 + 10*j - 10. Give q(z).
6
Let f(s) = -4*s**3 - 4*s**2 - 3*s. Let i = 7865 + -7863. What is f(i)?
-54
Let k(i) = -i. Let l(w) = 5*w**2 - 50*w - 15. Let q(u) = -2*u**2 + 17*u + 5. Let j(m) = 3*l(m) + 8*q(m). Let g(v) = -j(v) + 5*k(v). Calculate g(-8).
-3
Let l(n) = -n**3 + n**2 - 20*n + 80. Let y be l(3). Let c(g) be the second derivative of -2*g**3/3 + 2*g**2 + 24*g. Determine c(y).
-4
Let x(w) = -w**2 + 13*w - 19. Let h be x(11). Suppose -6*o + h*o = -24. Suppose y + 3 - 5 = k, 5*k + 4*y - o = 0. Let m(z) = z + 5. What is m(k)?
5
Let y be 3/9 + 42/9. Let c(t) = -y*t**3 - 2*t**3 - 5*t**2 - 6 + 2*t + 5*t**3 + t**3. Let p be ((-1)/2)/((-3)/(-30)). Give c(p).
-16
Suppose -3*n - 10 + 31 = 0. Let x(v) be the second derivative of 0 + v**3 - 2/3*v**4 + 1/20*v**5 + 97*v - 7/2*v**2. Determine x(n).
-14
Let x(l) = -2*l**3 + 10*l**2 + 3*l - 7. Let n = -4299 - -4304. Calculate x(n).
8
Let h(u) = 4*u**2 - 31*u + 3. Let z be h(8). Suppose 7*l + 46 - z = 0. Let i(r) = -2*r**2 - 4*r + 4. Give i(l).
-26
Let h(z) = 3*z + 5. Suppose -5*c + 10 + 0 = 0. Suppose 0 = -10*q + c*q - 24. Calculate h(q).
-4
Let z(d) be the first derivative of 8/3*d**3 + 1/120*d**5 + 0*d**2 - 12 + 1/12*d**4 + 1/360*d**6 + 0*d. Let n(x) be the third derivative of z(x). What is n(-4)?
14
Let p(o) = -o**3 - o + 5. Let l = -60 + 116. Let 